 a multiple of 24?
False
Does 191 divide 834914289?
True
Is 1791259 a multiple of 1845?
False
Is 21364183 a multiple of 441?
False
Does 7498 divide 55200351?
False
Is 9590770 a multiple of 125?
False
Does 693 divide 93698451?
True
Is 3414552 a multiple of 2?
True
Is 15 a factor of 82327305?
True
Is 2145080934 a multiple of 4077?
True
Does 2142 divide 262676154?
False
Is 738723 even?
False
Is 14 a factor of 2108776?
False
Does 32 divide 62098989?
False
Is 298 a factor of 195768716?
True
Is 1105762951 a multiple of 10?
False
Is 19511934 a multiple of 26?
True
Does 22 divide 386818646?
False
Is 35 a factor of 1737026081?
False
Does 432 divide 32743008?
True
Is 12 a factor of 146081230?
False
Is 5 a factor of 134435645?
True
Does 13 divide 320937562?
False
Is 4931838 a multiple of 933?
True
Is 567 a factor of 95176513?
False
Does 180 divide 16378446?
False
Does 30 divide 26283210?
True
Is 22 a factor of 5601351646?
True
Is 103498725 a multiple of 33?
True
Is 76519871 a multiple of 4?
False
Is 473 a factor of 358283783?
True
Does 63 divide 163288845?
False
Is 13 a factor of 43588532?
True
Is 989156620 a multiple of 89?
False
Does 276 divide 1615153104?
True
Does 3419 divide 53449918?
False
Does 16 divide 273247264?
True
Is 13 a factor of 88758280?
True
Is 26824574 even?
True
Does 6 divide 5226458?
False
Does 3 divide 380836759?
False
Is 4137 a factor of 1193708564?
False
Does 8 divide 9915508?
False
Does 11 divide 37537547?
False
Does 86 divide 114201980?
True
Does 4387 divide 272529711?
False
Is 10 a factor of 40728510?
True
Is 230 a factor of 87070876?
False
Is 2 a factor of 15093112?
True
Is 32526229 a multiple of 3?
False
Does 14 divide 319003062?
True
Is 515211988 a multiple of 2579?
True
Does 14 divide 679365648?
False
Does 257 divide 21701?
False
Is 23773100 a multiple of 26?
True
Is 380952 a multiple of 1144?
True
Does 133 divide 6515110395?
False
Does 27 divide 7117605?
True
Does 1526 divide 220099957?
False
Is 3455 a factor of 4583355847?
False
Does 110 divide 758337?
False
Does 1610 divide 90556060?
True
Does 445 divide 39350460?
True
Is 1215929 a multiple of 143?
True
Is 151301125 a multiple of 25?
True
Is 35214623 a multiple of 303?
False
Is 1084 a factor of 32500488?
True
Is 415841848 a multiple of 3613?
True
Is 514 a factor of 536896130?
True
Does 18 divide 14688077?
False
Is 470715740 a multiple of 985?
True
Does 132 divide 73431864?
True
Does 775 divide 84010071?
False
Does 281 divide 14965990?
False
Is 20 a factor of 127462465?
False
Is 181 a factor of 42800165?
True
Does 14874 divide 5893956366?
True
Does 8 divide 172661939?
False
Does 45 divide 5065290?
True
Is 24 a factor of 4556774592?
True
Does 52 divide 435760468?
True
Is 138 a factor of 44277714?
True
Does 471 divide 147372603?
True
Is 168700 a multiple of 35?
True
Is 677 a factor of 1138818880?
False
Is 886261888 a multiple of 37?
True
Is 100294138 a multiple of 5?
False
Is 91035774 a multiple of 213?
True
Does 1243 divide 323602970?
False
Is 369302373 a multiple of 99?
True
Is 22 a factor of 27194225?
False
Is 11 a factor of 1268989463?
False
Is 3 a factor of 587889?
True
Is 11021794 a multiple of 113?
True
Is 3 a factor of 28358829?
True
Is 63080884 a multiple of 1697?
True
Is 23193514 a multiple of 12?
False
Does 23 divide 3774849430?
False
Is 576 a factor of 454328937?
False
Is 687998008 a multiple of 139?
False
Is 966695054 a multiple of 78?
False
Does 6 divide 26522178?
True
Is 28 a factor of 278769133?
False
Is 6370109 a multiple of 1463?
False
Does 72 divide 1228219128?
True
Is 569305920 a multiple of 1074?
True
Is 30439152 a multiple of 8?
True
Is 6 a factor of 3796599?
False
Does 2423 divide 142363365?
True
Is 449293878 a multiple of 594?
True
Is 1508 a factor of 1894424737?
False
Is 19 a factor of 30480313?
True
Is 769442082 a multiple of 3?
True
Is 2518789303 a multiple of 281?
True
Is 1007 a factor of 468382889?
True
Does 9 divide 194301144?
True
Is 1755073272 a multiple of 7595?
False
Does 84 divide 10696896?
True
Is 78 a factor of 971882037?
False
Is 30590523 a multiple of 109?
True
Is 25473178 a multiple of 15?
False
Is 3773 a factor of 101526162?
False
Is 1267 a factor of 122357221?
False
Is 1929 a factor of 72360648?
True
Is 9261056 a multiple of 76?
True
Is 48 a factor of 1894349386?
False
Is 248 a factor of 13177186?
False
Is 535890856 a multiple of 944?
False
Is 370118576 a multiple of 502?
True
Is 47 a factor of 27986159?
False
Does 261 divide 146110410?
True
Does 8 divide 30722917?
False
Is 2895200 a multiple of 376?
True
Is 2366 a factor of 434179928?
True
Is 3579384 a multiple of 8?
True
Does 455 divide 8966492?
False
Is 3216354101 a multiple of 41?
True
Does 5 divide 79249050?
True
Is 17 a factor of 5722423125?
True
Is 886901544 a multiple of 303?
False
Does 6 divide 67752343?
False
Is 132 a factor of 1051380?
True
Does 122 divide 756625380?
False
Is 1494 a factor of 199997298?
True
Does 142 divide 7389538?
True
Is 49432768 a multiple of 56?
True
Is 1136657440 a multiple of 16?
True
Is 3416 a factor of 233775356?
False
Does 3 divide 192315127?
False
Is 8 a factor of 23356936?
True
Is 150 a factor of 64269142?
False
Does 13 divide 122534685?
True
Is 1547 a factor of 2402491?
True
Does 189 divide 769266271?
False
Is 20 a factor of 55737700?
True
Does 6 divide 79219086?
True
Is 38 a factor of 34346186?
True
Is 425392145 a multiple of 185?
True
Does 208 divide 34513735?
False
Is 523 a factor of 26433340?
False
Does 27 divide 647143276?
False
Is 7601978 a multiple of 100?
False
Is 152 a factor of 525708112?
True
Is 3 a factor of 23983546?
False
Is 27584220 a multiple of 58?
True
Is 370640970 a multiple of 238?
True
Is 35 a factor of 10598354?
False
Is 284683752 a multiple of 634?
True
Is 1739 a factor of 410946568?
True
Does 16 divide 2594514155?
False
Does 1576 divide 1694062888?
True
Is 75261043 a multiple of 143?
True
Does 31 divide 465795076?
False
Is 169603074 a multiple of 75?
False
Does 88 divide 540985720?
True
Is 41414006 a multiple of 16?
False
Is 663633850 a multiple of 4070?
True
Is 134 a factor of 161134330?
True
Does 2339 divide 520705841?
True
Does 4833 divide 619527771?
True
Is 786 a factor of 26830896?
True
Is 22 a factor of 80019201?
False
Is 82417917 a multiple of 26?
False
Is 156400647 a multiple of 3877?
False
Is 4 a factor of 92710940?
True
Is 213 a factor of 3649950?
False
Does 105 divide 2073960?
True
Is 29 a factor of 144230572?
True
Is 168 a factor of 1787365944?
True
Does 1257 divide 455295456?
True
Does 508 divide 257669284?
True
Is 324 a factor of 122714352?
True
Does 89 divide 18139001?
True
Does 990 divide 464048?
False
Is 446727441 a multiple of 12?
False
Is 2730 a factor of 1057675710?
True
Does 10 divide 24130530?
True
Is 10 a factor of 292181090?
True
Is 12506942 a multiple of 1585?
False
Does 15 divide 113046585?
True
Is 953 a factor of 30996336?
False
Is 15 a factor of 1183033410?
True
Does 235 divide 41167300?
True
Is 16781835 a multiple of 69?
True
Is 22 a factor of 98700613?
False
Is 3 a factor of 582896748?
True
Does 614 divide 1523747?
False
Is 6246 a factor of 246358357?
False
Is 210 a factor of 188501040?
True
Is 91664186 a multiple of 1277?
False
Is 8 a factor of 10592342?
False
Does 54 divide 207475298?
False
Is 67983540 a multiple of 89?
True
Is 27330617 even?
False
Is 89256414 a multiple of 58?
False
Is 14 a factor of 517916140?
True
Does 445 divide 35996595?
False
Does 36 divide 37846584?
True
Is 67 a factor of 193896392?
True
Is 275 a factor of 395944164?
False
Does 339 divide 111529983?
True
Does 1726 divide 286495288?
True
Is 8698567 a multiple of 6?
False
Is 28536583 a multiple of 236?
False
Does 890 divide 356611367?
False
Is 33 a factor of 128706201?
False
Does 3 divide 25958150?
False
Is 325 a factor of 111606950?
True
Does 794 divide 3023330?
False
Is 422 a factor of 3542303026?
True
Is 3 a factor of 5405815?
False
Does 13 divide 119106817?
False
Does 390 divide 1677887?
False
Is 39922146 a multiple of 9?
True
Is 26257240 a multiple of 40?
True
Is 1986 a factor of 157691119?
False
Is 101 a factor of 65661946?
False
Is 1996 a factor of 100491519?
False
Is 17 a factor of 2140793?
True
Does 7 divide 718699?
False
Is 17923150 a multiple of 175?
True
Does 25 divide 5674552530?
False
Does 33 divid